{"id":154,"date":"2017-09-11T20:30:52","date_gmt":"2017-09-11T20:30:52","guid":{"rendered":"http:\/\/www.iamslic.org\/grupolatino\/?page_id=154"},"modified":"2017-12-21T17:02:22","modified_gmt":"2017-12-21T17:02:22","slug":"unete-al-gl","status":"publish","type":"page","link":"https:\/\/www.iamslic.org\/grupolatino\/unete-al-gl\/","title":{"rendered":"\u00danete al GL"},"content":{"rendered":"<p><strong>\u00bfQu\u00e9 beneficios obtengo al ser parte de GL de IAMSLIC?<\/strong><br \/>\n     &#8211; Acceso al Directorio en l\u00ednea de Miembros de IAMSLIC.<br \/>\n     &#8211; Inscripci\u00f3n a la conferencia anual con tarifa preferencial.<br \/>\n     &#8211; Acceso a repositorio digital Aquatic Commons.<br \/>\n     &#8211; Posibilidad de recibir becas de investigaci\u00f3n IAMSLIC.<br \/>\n     &#8211; Posibilidad de recibir apoyo para viajes.<br \/>\n     &#8211; Acceso al Cat\u00e1logo IAMSLIC Z39.50 Biblioteca compartida, programa de intercambio y suministro de documentos.<\/p>\n<p><strong>Para unirte a GL es necesario ser miembro de IAMSLIC<\/strong><\/p>\n<p>IAMSLIC es una organizaci\u00f3n a trav\u00e9s de la cual sus miembros intercambian ideas y exploran temas de inter\u00e9s mutuo. Te \u00a0invitamos a participar de este foro donde se comparten recursos y conocimientos en las diversas disciplinas de las ciencias acu\u00e1ticas y marinas. IAMSLIC tiene una larga historia de cooperaci\u00f3n internacional. La membres\u00eda comprende un a\u00f1o calendario, desde el 1ro. de enero al 31 de diciembre.:<\/p>\n<ol>\n<li>Ingresa al sitio Web de <strong>IAMSLIC<\/strong> (<a href=\"http:\/\/www.iamslic.org\" target=\"_blank\" rel=\"noopener\">http:\/\/www.iamslic.org<\/a>)<\/li>\n<li>Selecciona la opci\u00f3n <strong>JOIN IAMSLIC<\/strong>\u00a0del men\u00fa principal (<a href=\"http:\/\/www.iamslic.org\/join-iamslic\" target=\"_blank\" rel=\"noopener\">http:\/\/www.iamslic.org\/join-iamslic<\/a>).<\/li>\n<li>Completa la solicitud de membres\u00eda en l\u00ednea\u00a0(<a href=\"https:\/\/goo.gl\/forms\/v5BN0RT9I4m0QKOs1\" target=\"_blank\" rel=\"noopener\">Online IAMSLIC Membership Application)<\/a><\/li>\n<li>Imprime el formato de membres\u00eda.<\/li>\n<li>Realiza tu pago por cheque, transferencia bancaria o tarjeta de cr\u00e9dito. Para mayor informaci\u00f3n acerca de formas de pago por favor consulta la p\u00e1gina\u00a0<a href=\"http:\/\/www.iamslic.org\/join-iamslic\" target=\"_blank\" rel=\"noopener\">http:\/\/www.iamslic.org\/join-iamslic<\/a> y\/o contacta por correo electr\u00f3nico a\u00a0<strong>Kristen LaBonte<\/strong> en la direcci\u00f3n <strong>klabonte@library.ucsb.edu<\/strong><\/li>\n<\/ol>\n<p>** Contacta a <strong>Sara Yusta<\/strong>, presidenta actual del GL, por medio de correo electr\u00f3nico a la direcci\u00f3n: <strong>sara.yusta@umag.cl<\/strong><\/p>\n<p><strong><a href=\"http:\/\/www.iamslic.org\/wp-content\/uploads\/2016\/04\/IAMSLIC-Join-Brochure-Spanish-20160408.pdf\" target=\"_blank\" rel=\"noopener\">**Consulta el folleto y formato de Membres\u00eda (pdf)<\/a><\/strong><\/p>\n","protected":false},"excerpt":{"rendered":"<p>\u00bfQu\u00e9 beneficios obtengo al ser parte de GL de IAMSLIC? &#8211; Acceso al Directorio en l\u00ednea de Miembros de IAMSLIC. &#8211; Inscripci\u00f3n a la conferencia anual con tarifa preferencial. &#8211; Acceso a repositorio digital Aquatic Commons. &#8211; Posibilidad de recibir becas de investigaci\u00f3n IAMSLIC. &#8211; Posibilidad de recibir apoyo para viajes. &#8211; Acceso al Cat\u00e1logo [&hellip;]<\/p>\n","protected":false},"author":2,"featured_media":0,"parent":0,"menu_order":0,"comment_status":"closed","ping_status":"closed","template":"","meta":[],"_links":{"self":[{"href":"https:\/\/www.iamslic.org\/grupolatino\/wp-json\/wp\/v2\/pages\/154"}],"collection":[{"href":"https:\/\/www.iamslic.org\/grupolatino\/wp-json\/wp\/v2\/pages"}],"about":[{"href":"https:\/\/www.iamslic.org\/grupolatino\/wp-json\/wp\/v2\/types\/page"}],"author":[{"embeddable":true,"href":"https:\/\/www.iamslic.org\/grupolatino\/wp-json\/wp\/v2\/users\/2"}],"replies":[{"embeddable":true,"href":"https:\/\/www.iamslic.org\/grupolatino\/wp-json\/wp\/v2\/comments?post=154"}],"version-history":[{"count":10,"href":"https:\/\/www.iamslic.org\/grupolatino\/wp-json\/wp\/v2\/pages\/154\/revisions"}],"predecessor-version":[{"id":431,"href":"https:\/\/www.iamslic.org\/grupolatino\/wp-json\/wp\/v2\/pages\/154\/revisions\/431"}],"wp:attachment":[{"href":"https:\/\/www.iamslic.org\/grupolatino\/wp-json\/wp\/v2\/media?parent=154"}],"curies":[{"name":"wp","href":"https:\/\/api.w.org\/{rel}","templated":true}]}}